{"id":236,"date":"2016-10-10T12:21:29","date_gmt":"2016-10-10T12:21:29","guid":{"rendered":"http:\/\/www.ccmoedling.at\/?page_id=236"},"modified":"2016-11-15T11:14:32","modified_gmt":"2016-11-15T11:14:32","slug":"mrs-sporty","status":"publish","type":"page","link":"https:\/\/www.ccmoedling.at\/index.php\/dienstleister\/mrs-sporty\/","title":{"rendered":"Mrs. Sporty"},"content":{"rendered":"<div class='w3eden' id='layout_page'><div class=\"minimax_content_area row \" id=\"row_5819f51da6d5c\" style=\"position: relative;\" > \n\n        <div class=\"gridt col-md-7 minimax_column\" id=\"column_1_5819f51da6d5c\">\n\n            \n            <div class='minimax_module wow  WP_Widget_Text ' style='' data-wow-duration='1s' data-wow-delay='1s'><div class=\"widget_text\">\t\t\t<div class=\"textwidget\"><br><\/div>\n\t\t<\/div><\/div><div class='minimax_module wow  minimax_image ' style='' data-wow-duration='1s' data-wow-delay='1s'><div class=\"widget_minimax_image\">        <h1><\/h1> \n            <div class=\"pull-left\" style=\"margin-right: 10px; margin-top: 5px;\">\n                                    <img decoding=\"async\" class=\"img-responsive img-thumbnail\" src=\"https:\/\/www.ccmoedling.at\/wp-content\/uploads\/2016\/10\/MRS_Wortmarke-e1478096376642-603x70.jpg\" title=\"\" alt=\"\">\n                            <\/div>\n        <p><br> <br>  <br> <br> <\/p><div class=\"clear\"><\/div><\/div><\/div><div class='minimax_module wow  MiniMax_RichText ' style='' data-wow-duration='1s' data-wow-delay='1s'><div class=\"widget_minimax_richtext\">                        \n\t\t\t<div class=\"\">Homepage: <a href=\"http:\/\/www.mrssporty.at\/club266\" target=\"_blank\">www.mrssporty.at\/club266<\/a><\/div>\t\t\t\n\t\t\t<\/div><\/div><div class='minimax_module wow  WP_Widget_Text ' style='' data-wow-duration='1s' data-wow-delay='1s'><div class=\"widget_text\">\t\t\t<div class=\"textwidget\"><br> Telefonnummer: +43 2236 304 126<\/div>\n\t\t<\/div><\/div>\n            \n        <\/div>\n \n\n        <div class=\"gridt col-md-5 minimax_column\" id=\"column_2_5819f51da6d5c\">\n\n            \n            <div class='minimax_module wow  WP_Widget_Text ' style='' data-wow-duration='1s' data-wow-delay='1s'><div class=\"widget_text\"><h2 class=\"widgettitle\">Beratungszeiten<\/h2>\t\t\t<div class=\"textwidget\">Mo, Mi, Fr &ensp; &thinsp; 08:00 - 13:00 <br>  &nbsp; &nbsp; &nbsp; &nbsp; &nbsp; &nbsp; &nbsp; &nbsp; &nbsp; &thinsp; &thinsp; &thinsp; 15:00 - 19:00 <br> Di, Do &thinsp; &thinsp; &nbsp &nbsp; &nbsp; &thinsp; 09:00 - 14:00 <br>  &nbsp; &nbsp; &nbsp; &nbsp; &nbsp; &nbsp; &nbsp; &nbsp; &nbsp; &thinsp; &thinsp; &thinsp; 16:00 - 20:00 <br> Sa &nbsp; &nbsp; &nbsp; &nbsp; &nbsp; &nbsp; &nbsp; &nbsp; &thinsp; 08:00 - 13:00<\/div>\n\t\t<\/div><\/div><div class='minimax_module wow  WP_Widget_Text ' style='' data-wow-duration='1s' data-wow-delay='1s'><div class=\"widget_text\"><h2 class=\"widgettitle\">Erweiterte Trainingszeiten<\/h2>\t\t\t<div class=\"textwidget\">F\u00fcr berechtigte Mitglieder <br> Mo - So &nbsp; &nbsp; &nbsp; &nbsp; &thinsp; 07:00 - 21:00<\/div>\n\t\t<\/div><\/div>\n            \n        <\/div>\n<div style='clear: both;'><\/div><\/div><div class=\"minimax_content_area row \" id=\"row_581a01d1cdd01\" style=\"position: relative;\" > \n\n        <div class=\"gridt col-md-12 minimax_column\" id=\"column_1_581a01d1cdd01\">\n\n            \n            <div class='minimax_module wow  WP_Widget_Text ' style='color:#707070;' data-wow-duration='1s' data-wow-delay='1s'><div class=\"widget_text\">\t\t\t<div class=\"textwidget\"><br>\nMrs.Sporty Fitnessstudio M\u00f6dling l\u00e4dt  Frauen jeden Alters ein, Sport in ihren Alltag zu bringen.\n<br> <br>\nDurch das 30 - min\u00fctige Mrs.Sporty Kraftausdauer - Zirkeltraining wirst du schnell fit und hast so mehr Spa\u00df im Leben!  <br> <br>\nSo wird dein R\u00fccken wieder stark, der Bauchumfang kleiner, die Oberschenkel schmaler, Beschwerden wie zu hoher Blutdruck oder Diabetes  wird entgegen gewirkt, die Wechseljahre werden als leichter wahrgenommen, Depressionen vorgebeugt,  Hobbies wie zB. wandern k\u00f6nnen mit der entsprechenden Fitness wieder mehr genossen werden!  <br> <br>\nUnd das alles in freundlicher Atmosph\u00e4re, mit pers\u00f6nlicher Betreuung und nur unter Frauen - das Frauenfitnessstudio direkt beim Bahnhof M\u00f6dling!  <br>   <br>\nBuche JETZT dein kostenloses und unverbindliches PROBETRAINING!\n<\/div>\n\t\t<\/div><\/div>\n            \n        <\/div>\n<div style='clear: both;'><\/div><\/div><\/div>","protected":false},"excerpt":{"rendered":"<p>Homepage: www.mrssporty.at\/club266 Telefonnummer: +43 2236 304 126 Beratungszeiten Mo, Mi, Fr &ensp; &thinsp; 08:00 - 13:00 &nbsp; &nbsp; &nbsp; &nbsp; &nbsp; &nbsp; &nbsp; &nbsp; &nbsp; &thinsp; &thinsp; &thinsp; 15:00 - 19:00 Di, Do &thinsp; &thinsp; &#038;nbsp &nbsp; &nbsp; &thinsp; 09:00 - 14:00 &nbsp; &nbsp; &nbsp; &nbsp; &nbsp; &nbsp; &nbsp; &nbsp; &nbsp; &thinsp; &thinsp; &thinsp; 16:00 <a href=\"https:\/\/www.ccmoedling.at\/index.php\/dienstleister\/mrs-sporty\/\" class=\"more-link\">...continue reading<span class=\"screen-reader-text\"> \"Mrs. Sporty\"<\/span><\/a><\/p>\n","protected":false},"author":1,"featured_media":0,"parent":83,"menu_order":4,"comment_status":"closed","ping_status":"closed","template":"","meta":{"om_disable_all_campaigns":false,"sfsi_plus_gutenberg_text_before_share":"","sfsi_plus_gutenberg_show_text_before_share":"","sfsi_plus_gutenberg_icon_type":"","sfsi_plus_gutenberg_icon_alignemt":"","sfsi_plus_gutenburg_max_per_row":"","_monsterinsights_skip_tracking":false,"_monsterinsights_sitenote_active":false,"_monsterinsights_sitenote_note":"","_monsterinsights_sitenote_category":0,"_uf_show_specific_survey":0,"_uf_disable_surveys":false,"footnotes":""},"class_list":["post-236","page","type-page","status-publish","h-entry","hentry","h-as-page"],"aioseo_notices":[],"_links":{"self":[{"href":"https:\/\/www.ccmoedling.at\/index.php\/wp-json\/wp\/v2\/pages\/236","targetHints":{"allow":["GET"]}}],"collection":[{"href":"https:\/\/www.ccmoedling.at\/index.php\/wp-json\/wp\/v2\/pages"}],"about":[{"href":"https:\/\/www.ccmoedling.at\/index.php\/wp-json\/wp\/v2\/types\/page"}],"author":[{"embeddable":true,"href":"https:\/\/www.ccmoedling.at\/index.php\/wp-json\/wp\/v2\/users\/1"}],"replies":[{"embeddable":true,"href":"https:\/\/www.ccmoedling.at\/index.php\/wp-json\/wp\/v2\/comments?post=236"}],"version-history":[{"count":1,"href":"https:\/\/www.ccmoedling.at\/index.php\/wp-json\/wp\/v2\/pages\/236\/revisions"}],"predecessor-version":[{"id":237,"href":"https:\/\/www.ccmoedling.at\/index.php\/wp-json\/wp\/v2\/pages\/236\/revisions\/237"}],"up":[{"embeddable":true,"href":"https:\/\/www.ccmoedling.at\/index.php\/wp-json\/wp\/v2\/pages\/83"}],"wp:attachment":[{"href":"https:\/\/www.ccmoedling.at\/index.php\/wp-json\/wp\/v2\/media?parent=236"}],"curies":[{"name":"wp","href":"https:\/\/api.w.org\/{rel}","templated":true}]}}